ose 74 + 84 = l*r. What are the prime factors of r?
79
Suppose -3*g + 23 = -2*g. Let x be (-2)/(2 + 0) + g. Suppose q = -5*p + x, -4*q = -3*q + 3. What are the prime factors of p?
5
Suppose -f + 4 = -0, 149 = s + 3*f. List the prime factors of s.
137
Suppose 13*y + 75 = 8*y. Let f = 24 + y. List the prime factors of 45 + (-2)/((-6)/f).
2, 3
Let y(b) = -b**3 + 8*b**2 + 15*b - 14. Let s be y(10). Let m = 105 + s. What are the prime factors of m/2 - 2/4?
2, 5
Let g(z) = -z**3 + 3*z**2 + 5*z - 5. Let r be g(-5). Suppose 6*i + r = 8*i. Suppose 2*c + i = 199. What are the prime factors of c?
3, 19
Suppose -63*n + 50653 = -26*n. What are the prime factors of n?
37
Let a be ((-36)/14)/(10/70). Let p(f) = f**3 + 18*f**2 - 14*f + 34. List the prime factors of p(a).
2, 11, 13
Let m(i) = -i**3 + 8*i**2 - 7*i + 1. Let w be m(7). Let r be ((-2)/w)/((-2)/100). Suppose c + 5*d - r = -11, 0 = -3*d + 9. What are the prime factors of c?
2, 37
Let z(i) = 3*i**2 + 16*i + 21. What are the prime factors of z(-16)?
13, 41
Let a(j) = 7*j**2 + 13*j - 47. List the prime factors of a(6).
283
Suppose -k + 262 = -215. Suppose k = 2*q + q. Suppose 1 + q = 4*v. What are the prime factors of v?
2, 5
Suppose 3*f - 400 = 200. List the prime factors of f.
2, 5
Let u = -148 - -403. Let o = u - 144. Suppose 0 = 4*p - 4*q - 120, p = 4*p + 4*q - o. What are the prime factors of p?
3, 11
Let s(k) = 250*k**2. Let t be s(1). Suppose -v + 4*u + 120 = 0, 5*v = 3*v - 2*u + t. List the prime factors of v.
2, 31
List the prime factors of ((-15)/(405/(-5571)))/(2/18).
3, 619
Suppose 0*q = -3*q + 51. Suppose 0 = -9*u + 10*u - q. List the prime factors of u.
17
Let f(t) = 6*t + 20. Let q(j) = -7*j - 21. Let y(b) = -6*f(b) - 5*q(b). Let r be y(-15). Suppose r = 23*m - 21*m - 52. What are the prime factors of m?
2, 13
Suppose -3439 = -9*x + 4049. List the prime factors of x.
2, 13
Let u(b) = 2*b - 2. Let a be u(3). Suppose -3*c = -a*r - 6, 3*c = 6*c + r - 6. Suppose -c*n - 3*w + 17 = -1, -w = -2*n + 34. List the prime factors of n.
3, 5
Let h(k) = 3*k - 64. Let n be h(-6). Let b(o) = 5*o**2 + o + 7. Let s be b(5). Let g = s + n. List the prime factors of g.
5, 11
Suppose 3*i - 1823 = a, i - 3*i + 3*a = -1227. What are the prime factors of i?
2, 3, 101
Let v(b) = -52*b - 6. Let d = 41 - 43. What are the prime factors of v(d)?
2, 7
What are the prime factors of 885 + 9/(9/(-8))?
877
Suppose 10*c = 52*c - 201600. List the prime factors of c.
2, 3, 5
Suppose 6*g - 216 = 252. Suppose 9*i = g + 102. List the prime factors of i.
2, 5
Let s = 33 - 33. Suppose s = 3*y - 47 + 2. Let j(b) = -b**3 + 16*b**2 - 13*b + 5. What are the prime factors of j(y)?
5, 7
Suppose -4*n - 25 = 5*h, n + 22 = -h - 2*h. Let p = h - -18. Let d(l) = l**3 - 8*l**2 - 5*l - 12. List the prime factors of d(p).
2, 3
Suppose -61 = -4*o + 23. Suppose 0 = -4*i + o + 11. Suppose f = -4*l + l + 98, 4*f = i. What are the prime factors of l?
2
Let j = 0 - 0. Let p = 27 + -8. Suppose j = x - 2 - p. What are the prime factors of x?
3, 7
Let l(s) = -s. Let w be l(-4). Let j be (-42)/(-24)*w*2. Let m = j - 7. What are the prime factors of m?
7
Suppose -15 = u + s - 46, -s - 167 = -5*u. List the prime factors of (u/(-9))/((-1)/66) - 4.
2, 7, 17
Suppose y + 3*z = -0 + 11, -4*y + 2*z = 26. What are the prime factors of (16/72*-57)/(y/18)?
3, 19
Suppose 5 = -y, -5*c - 2*y = -198 - 6782. What are the prime factors of c?
2, 3, 233
List the prime factors of 8823/(-34)*(-15 - 2/(-2)).
3, 7, 173
Let n(w) be the third derivative of 7*w**4/12 - 13*w**3/3 + 17*w**2. List the prime factors of n(8).
2, 43
Suppose 3*u + 238 = -5*r + 2*u, -4*r - 173 = -5*u. Let m = r + 203. List the prime factors of m.
2, 3, 13
Let j be 40/(-30) - (-56)/6. Suppose -j*q = -10*q + 76. What are the prime factors of q?
2, 19
Let i = 411 + -92. What are the prime factors of i?
11, 29
Let u(y) = y**3 + 18*y**2 - 21*y + 7. Suppose -61 = t + 2*t + 2*c, 0 = 4*t + 4*c + 84. What are the prime factors of u(t)?
3, 5
What are the prime factors of (-1916467)/(-1204) + 3/(-4) + 1?
2, 199
Let i be 9/36 + (-209)/4. Suppose 5*r - 40 = -0*r. What are the prime factors of 1 - i/r*10?
2, 3, 11
Let j = -1321 + 2899. What are the prime factors of j?
2, 3, 263
Let p = 10 + -2. Let k(c) = -c**2 + 3*c + 3. Let q be k(p). Let m = 56 + q. List the prime factors of m.
19
List the prime factors of (6 + (5 - -26))*1.
37
Let w(a) = 7*a**3 - 2*a**2 + 6*a - 93. Let d(b) = 15*b**3 - 4*b**2 + 13*b - 185. Let c(h) = 6*d(h) - 13*w(h). List the prime factors of c(0).
3, 11
Let j = 53 - 55. List the prime factors of (1/(-2))/(0 - j/(-248)).
2, 31
Let u = 6186 - 4174. What are the prime factors of u?
2, 503
Suppose 3*n + 9 = 5*v, 4*n + 9 = 3*v - 3. Let i(k) = -k**2 + k + 5. Let w be i(v). Suppose 5*o - 47 = -2*u, -w*u - 2*o - o = -165. List the prime factors of u.
2, 3
Let a = 53 - 50. Suppose -5*n + a*d + 0*d = -102, 2*n - 20 = -4*d. List the prime factors of n.
2, 3
What are the prime factors of 8/((-144)/27)*5284/(-6)?
1321
Let l(n) = -2*n + 105. Let w be l(0). Let u be 153 - (-16)/(8/2). Let d = u - w. List the prime factors of d.
2, 13
Let w(x) = 64*x + 4. Let q be w(3). Suppose 48 = j - 3*z, -4*j - q = -9*j + 4*z. What are the prime factors of j?
2, 3
Let i(a) = 136*a**3 + 10*a**2 - 33*a - 7. What are the prime factors of i(3)?
2, 457
Let y(x) = x - 1. Let p be y(4). Suppose p*d - 18 = -3*t, -t = 2*d + 2*t - 16. What are the prime factors of (-1)/d*(-8 + -8)?
2
Let n be 3 - ((-416)/1 - 4). Suppose -159 = 4*j - n. What are the prime factors of j?
2, 3, 11
Suppose 807 - 961 = -7*o. What are the prime factors of o?
2, 11
List the prime factors of -4 + 13*(-1967)/28*-4.
41, 89
Suppose -4 = -l + 42. Suppose 0 = 3*v - 3*w - 1 + 4, -4*v + 3*w = 0. Suppose -4*r + l + 16 = v*u, 4*u - 43 = -3*r. List the prime factors of r.
17
List the prime factors of 234*(-9)/15*-25.
2, 3, 5, 13
Let d(y) = -y**3 + 5*y**2 - 4*y + 2. Let p be d(4). Suppose p - 41 = -z. Let m = z + -17. List the prime factors of m.
2, 11
Let d(g) be the first derivative of -5*g**2 + 9*g - 1. What are the prime factors of d(-7)?
79
Let w = 32 - 38. Let u(p) be the second derivative of p**4/6 - p**2 - 14*p. What are the prime factors of u(w)?
2, 5, 7
Suppose 21*f = 14*f + 21. List the prime factors of -1*3*(-6 - (38 - f)).
3, 41
Let s(k) = 14*k + 79. What are the prime factors of s(13)?
3, 29
Let a = 809 + -536. What are the prime factors of a?
3, 7, 13
Suppose 2*q = -r + 3*q + 141, -289 = -2*r - 5*q. Suppose -5*t - 33 = r. Let l = 23 - t. What are the prime factors of l?
2, 29
Let k(h) = -h + 7. Let a(q) = 1. Let j(d) = -6*a(d) + k(d). Let b be j(0). Let n = 31 - b. List the prime factors of n.
2, 3, 5
Suppose -r + 2 = -3*r. Let l = -1 - 11. What are the prime factors of (76/l)/(r/3)?
19
Let q(w) = w - 3. Let y be q(6). Let s(h) = 2*h**3 + 4*h**2 - 2*h - 3. Let l be s(-2). What are the prime factors of 17*2/(y - l)?
17
Let h = 6861 + -2525. What are the prime factors of h?
2, 271
Let x(a) = 6*a - 30. Let h(m) = -6*m + 30. Let o(y) = 3*h(y) + 4*x(y). List the prime factors of o(14).
2, 3
Let q(i) be the second derivative of -i**4/12 + 5*i**3/6 - i**2/2 - 2*i. Let c(p) = 7*p - 31. Let g be c(5). What are the prime factors of q(g)?
3
Let x(w) = -2*w - 15. Let f be 2/2*0/7. Let l = f + -13. List the prime factors of x(l).
11
Suppose 8*h + 20028 = 20*h. List the prime factors of h.
1669
Suppose v + 5 = 16. Suppose v*u + 42 = 8*u. Let d = u + 22. List the prime factors of d.
2
Let d = 296 - 184. What are the prime factors of 28/(-126) - d/(-18)?
2, 3
Suppose -4*f - 4067 = -u, 0 = 5*u - 0*u - 5*f - 20275. List the prime factors of u.
4051
Let m = 292 + 480. List the prime factors of m.
2, 193
Let c(u) be the first derivative of -u**2/2 + 8*u - 3. Let t be c(5). Suppose v + 3*y = 31, 2*v = t*y + 28 + 7. What are the prime factors of v?
2, 11
Let y(o) = o**2 - 5*o - 1 + 0*o**2 + 15*o. Let f be y(-12). Let d = f - 14. List the prime factors of d.
3
Suppose 5*b + 5*d + 13 = 38, 3*d = -4*b + 17. Suppose 10*n = b*n + 384. What are the prime factors of n?
2, 3
Let m(z) = 524*z**2 + 16*z + 35. What are the prime factors of m(-2)?
2099
Let p(g) = g**2 + 10*g - 10. Let j be ((-4)/(-3))/((-2)/(-39)). Suppose j = -2*s - 0*s. What are the prime factors of p(s)?
29
Supp